 + j*t - 121*t**2. Calculate w(-4).
-3
Let r(p) = -p**2 - 3*p + 7. Suppose 7*t + 830 = 67. Let o = t + 115. Let j be (o - 1)*5/(-5)*1. Calculate r(j).
-3
Let z(v) be the third derivative of v**6/60 + 3*v**5/20 - v**4/12 - v**3/2 - 17*v**2 - 20. What is z(-4)?
21
Suppose 4*t - 8 = -4*m, 5*t = -4*m + 10*t - 10. Let i(x) = -3 + 14 - x**2 - 16 + m*x**2 + 8*x. Give i(8).
-5
Suppose -5*l + p = -137, 6*l - 2*l = -p + 106. Suppose 7*s - 4*s + l = 0. Let r(t) = 2*t + 9. What is r(s)?
-9
Suppose -2*m - 42 = -4*c, c + 31 = 3*c - 3*m. Let s(r) = -17*r**2 + 10*r + 67. Let j(x) = -42*x**2 + 21*x + 163. Let w(g) = -2*j(g) + 5*s(g). Give w(c).
9
Let a(l) = -16*l + 2. Let w(b) = 75*b - 6. Let d(u) = -4*a(u) - w(u). Let m be 2 + 2/(-2) - 2. Calculate d(m).
9
Let n(z) = -z**3 - 12*z**2 - 5*z + 61. Let c be n(-11). Let b(t) = -3*t**2 - 8*t + 14. What is b(c)?
-21
Let r(v) = -3*v**2 + 59*v + 34. Let i be r(20). Suppose -20 = n - 19*d + i*d, 5*n = 4*d - 16. Let m(w) = w**3 - w**2 + 29. What is m(n)?
29
Let l(h) = -44*h + 139. Suppose -5*r + 6 = -w, w + 165 = 174. Determine l(r).
7
Let a(g) be the second derivative of g**4/4 - 5*g**2/2 - 9*g. Let k(s) = -s**2 + 36*s - 275. Let y be k(25). What is a(y)?
-5
Suppose -18*t + 49 = -23. Let m(b) = 4*b + 2. Let c(r) = r. Let q(a) = 6*c(a) - m(a). Determine q(t).
6
Let b(x) = 14 - 2*x**3 + 8 - 8*x - 5389*x**2 + 3*x**3 - 35*x + 5370*x**2. What is b(21)?
1
Let u(r) = 21*r - 26. Let p(i) = -115*i + 129. Let x(w) = 2*p(w) + 11*u(w). Determine x(23).
-5
Let c(j) = j**3 + 5*j**2 + 3*j + 1. Suppose 5*s + 1350 = 14*s. Let u = 145 - s. Determine c(u).
-14
Let r(p) = -2*p + 29. Suppose 47*m - 12*m - 14*m = 0. Calculate r(m).
29
Let v be (4/5)/((-2)/15). Let u(h) = 13*h**2 + h. Let s(b) = 14*b**2 + b. Let g(m) = v*u(m) + 5*s(m). Let p = -6564 + 6563. What is g(p)?
-7
Let b(a) = -a**2 + 8*a + 4. Suppose 1044 = -402*m + 518*m. What is b(m)?
-5
Suppose 2 = 5*x - 18. Let c(i) = 0 - 3*i - 2 + x. Let j = -409 - -407. Determine c(j).
8
Let g(t) = -t**3 + 2*t**2 + 6*t - 5. Suppose 56 - 34 = -19*m + 136. Determine g(m).
-113
Let r(b) = -2*b**2 + 2*b + 4. Let c(j) = j**2 - 8*j + 3. Let l(q) = q + 4. Suppose -o + 2 = -2. Let i be l(o). Let m be c(i). Determine r(m).
-8
Let p = 6 - 2. Let f(t) = -p*t - 16*t - 5 - 5*t + 24*t. Calculate f(5).
-10
Suppose -287 = 8*b + 281. Let l = b + 22. Let h = l - -41. Let z(r) = -r + 1. Give z(h).
9
Let x(z) = 3*z + 6. Suppose 5*w + w - 42 = 0. Suppose 12*i = 11*i + w. Calculate x(i).
27
Let a(x) = x**3 - 6*x**2 + 5*x. Let k be ((-6)/4)/(-3) - 14/(-4). Suppose -3*z = -b + 2*b - 7, 0 = -4*z - k*b + 12. Let r = 3 + z. What is a(r)?
0
Let i(c) = -72*c - 63. Suppose 67*g = 243 - 310. Give i(g).
9
Let w(v) be the second derivative of -v**3/6 + 3*v**2/2 - 11*v. Let q be w(3). Let k(j) be the first derivative of -j**3/3 + 14*j + 288. Give k(q).
14
Let b(r) = -r - 4. Let x be 2/6 - 44/6. Let y be (4*(x + 6))/1. Give b(y).
0
Let x(t) = -111*t**3 - 88*t**2 + 13*t - 8. Let f(q) = -73*q**3 - 55*q**2 + 8*q - 5. Let a(z) = 8*f(z) - 5*x(z). Determine a(1).
-30
Let n be (30 - 14) + -2 - 14. Let q(d) be the third derivative of 11/6*d**3 - 1/24*d**4 + n - d**2 + 0*d. What is q(8)?
3
Let s(p) = -27*p - 199 - 26*p + 24*p. Give s(-7).
4
Let i be 6/33 - 252/(-66). Let m(h) = 0*h - 4 - h + i*h - 2*h. Let q be 5/20*(18 - 2). What is m(q)?
0
Let j(y) = 2*y**2 - 7*y + 5. Let w be (-7 + 13)/(0 + 2). Let h(v) = v**2 - 8*v + 7. Let k(t) = w*h(t) - 2*j(t). What is k(-10)?
11
Let i = 19104 - 19100. Let z(k) be the second derivative of -1/2*k**i + 5/6*k**3 + 0 + 4*k**2 - 3*k - 1/20*k**5. Calculate z(-7).
22
Let b(s) = -129848 + 259693 - s**2 - 129828 - 5*s. What is b(3)?
-7
Let l(f) = 2*f**2 - 12*f - 16. Let k = -8313 - -8321. Calculate l(k).
16
Let l(d) = d**2 - 4*d - 2. Let s(k) = -11*k - 6 + 13*k - 2 + 44 - 8*k. Let o be s(5). Calculate l(o).
10
Let h(c) = 1299*c**2 - 5 - 10*c + 2*c**3 - 1287*c**2 - 3*c**3. Let w be h(11). Let i(u) = 2*u - 5. What is i(w)?
7
Let j(n) = -n**2 - 21*n + 28. Let y be j(-20). Suppose y*v = 36*v + 72. Let t(g) = 10. Let q(b) = b. Let d(p) = q(p) - t(p). Give d(v).
-4
Let u = 7 - 3. Suppose -39 = -5*s - 24. Let h(m) = -388 + 390 + 0*m + s*m. Calculate h(u).
14
Let m(r) = -176*r + 5*r**2 + 183*r + 3 + 2*r**3 - 3*r**3. Let w(l) = -l**3 - 7*l**2 - 8*l - 6. Let t be w(-6). Give m(t).
9
Let z = 112 + -108. Suppose t + 0*t + z = 4*u, -5*t = 3*u - 26. Let a(g) = -7*g + 6 - 7 + 2*g + g**u. What is a(4)?
-5
Suppose 3*b - f + 87 = 0, 53*f - 49*f = -5*b - 128. Let o(d) = -d**2 - 25*d + 62. Give o(b).
-22
Let x(b) = b + 9. Let q be x(-9). Let n = 45 - 36. Let r(m) = -n + m**3 + 97*m**2 - 47*m**2 - 51*m**2 + m. Determine r(q).
-9
Let p be 51/17 + 1*-2. Let m(s) = -164*s**3 + 10 + p + 12*s**2 - 162*s**3 + 14*s + 327*s**3. Determine m(-11).
-22
Let m(q) = 13*q**3 + 125*q**2 + 4*q - 38. Let u(d) = 9*d**3 + 86*d**2 + 3*d - 25. Let r(y) = 7*m(y) - 10*u(y). Give r(-15).
14
Let m(w) = w**3 - 22*w**2 - 26*w + 57. Let y = 3577 - 3554. Determine m(y).
-12
Let j be (-16)/(-32)*8/2. Let k(t) = 26 + 3*t**j - 2*t**2 - 4*t**2 - 25 + 2*t. Calculate k(2).
-7
Let n(c) be the third derivative of -c**4/24 - 13*c**3/6 + 10*c**2. Let k(y) = -2*y**3 - 4*y**2 + 6*y. Let g be k(-3). What is n(g)?
-13
Let i(c) be the first derivative of -8*c**2 + 0*c + 1/24*c**4 + 31 - 7/6*c**3. Let z(y) be the second derivative of i(y). What is z(5)?
-2
Let t be (-3 + 1)/(4/(-10)). Suppose 2*c = g + 4*g - 19, -t = -3*g - 2*c. Let f(d) = -d. What is f(g)?
-3
Let q(h) be the first derivative of 1/30*h**6 + 0*h + 15*h**2 + 1/24*h**4 + 45 + 0*h**5 + 1/6*h**3. Let b(o) be the second derivative of q(o). Calculate b(-1).
-4
Let z(g) be the first derivative of 4*g**3/3 - 4*g**2 - 4*g + 531. Determine z(2).
-4
Let m(v) = v + 6. Let s be m(-4). Suppose -s*k = -2 - 0. Let z(f) = -53442311*f**2 + 53442314*f**2 + 4 - 3 - 2. Determine z(k).
2
Suppose 4*v + 4*k = -k - 20, -k = 2*v + 10. Let y(p) = 3*p - 22. Let g(s) = -2*s + 13. Let z(a) = v*g(a) - 3*y(a). Suppose 0 = 4*d - 3 - 21. Give z(d).
7
Let v(j) be the third derivative of -j**5/60 + 3*j**4/8 - 6*j**3 - 10027*j**2. Give v(18).
-198
Let c(w) = -10*w**2 + 6606 - 2*w - 3308 - w**3 - 3308 + 4*w. Calculate c(-10).
-30
Let j(z) = -2*z**2 - 3*z. Let x be j(-2). Let d(o) = o**3 - 28*o**2 + 4*o - 74. Let f be d(28). Let r(c) = c**3 - f*c**2 - 39*c**2 + 78*c**2. Determine r(x).
-4
Let z(s) = -14*s - 21 + 9*s - 2*s + 6*s. What is z(0)?
-21
Let j(c) = -6*c**2 + 6*c**2 + c**2 - 348 + 1852*c - 1882*c + 0*c**2. Determine j(-9).
3
Let d(p) = -p**3 + p**2 - 15. Suppose -53*j = -54*j + 1. Suppose 4*m = 4*s - j + 13, 2*m = -4*s + 6. Give d(s).
-15
Let r = -1423 + 1944. Let v = r + -525. Let u(s) = -4*s**3 - 4*s**2 + 2*s + 3. Let a(d) = -9*d**3 - 8*d**2 + 4*d + 5. Let h(q) = -3*a(q) + 7*u(q). What is h(v)?
-2
Suppose -3*w = -9 - 9. Suppose w*m + 580 = -80. Let a = m - -110. Let b(q) = q**2 + q - 10. Give b(a).
-10
Let m(h) = -h**2 + 6*h + 4. Let f(o) = -o - 1. Suppose -4*z + 8*z + 4 = 0. Let u(j) = z*m(j) - 6*f(j). Let d = -26 + 26. Calculate u(d).
2
Let z(f) = 10*f + 149. Let t = -603 + 589. Let k be z(t). Let x(l) = l**2 - 10*l + 5. Give x(k).
-4
Let g(b) be the first derivative of b**2/2 + 35. Suppose 17 = 4*l + 5*x, 5*l - l - 2*x - 10 = 0. What is g(l)?
3
Let h(y) be the second derivative of 1/12*y**4 - 2*y**2 + 0 + 49*y + 5/6*y**3. What is h(-6)?
2
Suppose -16*v = -37*v + 147. Let q(h) = -60*h + 4. Let g(a) = -14*a + 1. Let d(c) = 9*g(c) - 2*q(c). Determine d(v).
-41
Let j(l) = l**2 - 6*l + 22. Let m(h) = 11*h**2 - 989*h - 85. Let d be m(90). What is j(d)?
17
Suppose g = -5*q - 45, -2*g - 2*q - 30 = 44. Let c(l) = -6*l - 205. Calculate c(g).
5
Let b be (11/(-33))/(2/(-12)). Let r(l) = 5*l**b + 2*l + 0*l - l. Let h = 64 - 63. Determine r(h).
6
Let b(m) = -m - 38. Let l be (2 + 5/(-4))/(4/(-64)). What is b(l)?
-26
Let t(q) be the second derivative of -q**5/20 + 3*q**4/4 - 13*q**3/6 + q**2 - 2*q + 130. Determine t(7).
9
Let a = 89 + -51. Let w(f) = -a*f**2 - 6*f + 36*f**2 + 2*f + 3*f + 4*f**3. Let g be (3/9)/((-3)/(-18)). What is w(g)?
22
Let u(h) = -7*h**2 + 1. Let f(m) = -26*m**2 + 11*m + 1. Let q(n) = f(n) - 4*u(n). What is q(-4)?
-15
Let c(f) = -f**3 - 69 + 84 - f**2 - 4*f + 2*f**3 + 11*f**2 - 4*f. Calculate c(-11).
-18
Let p = -122 +